hen 587 is divided by 116.
7
What is the remainder when 25 is divided by 4?
1
What is the remainder when 483 is divided by 22?
21
Calculate the remainder when 736 is divided by 147.
1
Calculate the remainder when 308 is divided by 259.
49
Calculate the remainder when 116 is divided by 61.
55
What is the remainder when 122 is divided by 21?
17
What is the remainder when 525 is divided by 94?
55
Calculate the remainder when 2327 is divided by 61.
9
What is the remainder when 43 is divided by 27?
16
Calculate the remainder when 510 is divided by 193.
124
What is the remainder when 134901 is divided by 42?
39
Calculate the remainder when 681 is divided by 57.
54
Calculate the remainder when 89 is divided by 7.
5
What is the remainder when 80 is divided by 50?
30
What is the remainder when 225 is divided by 74?
3
Calculate the remainder when 1770 is divided by 252.
6
What is the remainder when 1084 is divided by 363?
358
What is the remainder when 3146 is divided by 50?
46
Calculate the remainder when 2306 is divided by 55.
51
Calculate the remainder when 174 is divided by 6.
0
Calculate the remainder when 1179 is divided by 108.
99
Calculate the remainder when 1693 is divided by 25.
18
What is the remainder when 317 is divided by 83?
68
Calculate the remainder when 666 is divided by 223.
220
Calculate the remainder when 79 is divided by 20.
19
What is the remainder when 754 is divided by 19?
13
Calculate the remainder when 461 is divided by 118.
107
What is the remainder when 127 is divided by 57?
13
Calculate the remainder when 93 is divided by 8.
5
What is the remainder when 95 is divided by 28?
11
What is the remainder when 851 is divided by 220?
191
What is the remainder when 632 is divided by 3?
2
Calculate the remainder when 19 is divided by 4.
3
Calculate the remainder when 137 is divided by 31.
13
Calculate the remainder when 503 is divided by 126.
125
Calculate the remainder when 772 is divided by 129.
127
Calculate the remainder when 90 is divided by 24.
18
Calculate the remainder when 444 is divided by 194.
56
Calculate the remainder when 355 is divided by 36.
31
Calculate the remainder when 219 is divided by 63.
30
What is the remainder when 307 is divided by 35?
27
What is the remainder when 1271 is divided by 85?
81
What is the remainder when 436 is divided by 17?
11
Calculate the remainder when 999 is divided by 101.
90
Calculate the remainder when 64 is divided by 22.
20
Calculate the remainder when 38611 is divided by 43.
40
What is the remainder when 233 is divided by 8?
1
Calculate the remainder when 774 is divided by 55.
4
Calculate the remainder when 628 is divided by 13.
4
Calculate the remainder when 1471 is divided by 22.
19
What is the remainder when 796 is divided by 242?
70
Calculate the remainder when 253 is divided by 11.
0
What is the remainder when 246 is divided by 242?
4
What is the remainder when 104 is divided by 15?
14
What is the remainder when 57 is divided by 19?
0
What is the remainder when 208 is divided by 5?
3
Calculate the remainder when 257 is divided by 91.
75
Calculate the remainder when 112 is divided by 19.
17
Calculate the remainder when 107 is divided by 41.
25
What is the remainder when 115 is divided by 4?
3
What is the remainder when 44 is divided by 38?
6
What is the remainder when 122 is divided by 58?
6
What is the remainder when 2962 is divided by 78?
76
What is the remainder when 196 is divided by 124?
72
What is the remainder when 144 is divided by 42?
18
What is the remainder when 1615 is divided by 231?
229
What is the remainder when 123 is divided by 48?
27
Calculate the remainder when 130 is divided by 4.
2
What is the remainder when 64 is divided by 34?
30
What is the remainder when 33 is divided by 17?
16
What is the remainder when 1483 is divided by 53?
52
What is the remainder when 84 is divided by 30?
24
What is the remainder when 501 is divided by 36?
33
What is the remainder when 216 is divided by 74?
68
Calculate the remainder when 429 is divided by 214.
1
What is the remainder when 553 is divided by 33?
25
Calculate the remainder when 434 is divided by 37.
27
What is the remainder when 208 is divided by 30?
28
Calculate the remainder when 574 is divided by 63.
7
What is the remainder when 1252 is divided by 22?
20
What is the remainder when 1687 is divided by 10?
7
Calculate the remainder when 842 is divided by 8.
2
What is the remainder when 1067 is divided by 107?
104
What is the remainder when 60 is divided by 23?
14
What is the remainder when 292 is divided by 67?
24
Calculate the remainder when 322 is divided by 37.
26
Calculate the remainder when 3268 is divided by 816.
4
What is the remainder when 142 is divided by 12?
10
Calculate the remainder when 198 is divided by 63.
9
Calculate the remainder when 2659 is divided by 886.
1
Calculate the remainder when 1199 is divided by 30.
29
Calculate the remainder when 1836 is divided by 366.
6
What is the remainder when 830 is divided by 170?
150
What is the remainder when 26 is divided by 9?
8
Calculate the remainder when 371 is divided by 140.
91
What is the remainder when 13769 is divided by 102?
101
Calculate the remainder when 150 is divided by 16.
6
Calculate the remainder when 467 is divided by 51.
8
Calculate the remainder when 931 is divided by 456.
19
What is the remainder when 508 is divided by 128?
124
Calculate the remainder when 90 is divided by 33.
24
What is the remainder when 724 is divided by 47?
19
What is the remainder when 53 is divided by 6?
5
What is the remainder when 212 is divided by 69?
5
Calculate the remainder when 965 is divided by 4.
1
What is the remainder when 183 is divided by 33?
18
What is the remainder when 503 is divided by 42?
41
Calculate the remainder when 8799 is divided by 13.
11
What is the remainder when 18391 is divided by 76?
75
What is the remainder when 92 is divided by 8?
4
What is the remainder when 157 is divided by 54?
49
What is the remainder when 218 is divided by 48?
26
What is the remainder when 687 is divided by 69?
66
What is the remainder when 1301 is divided by 131?
122
What is the remainder when 1379 is divided by 12?
11
What is the remainder when 898 is divided by 441?
16
Calculate the remainder when 2103 is divided by 31.
26
Calculate the remainder when 295 is divided by 139.
17
Calculate the remainder when 483 is divided by 54.
51
What is the remainder when 2131 is divided by 61?
57
Calculate the remainder when 144 is divided by 138.
6
What is the remainder when 100 is divided by 37?
26
Calculate the remainder when 523 is divided by 178.
167
What is the remainder when 928 is divided by 339?
250
Calculate the remainder when 908 is divided by 93.
71
What is the remainder when 5182 is divided by 162?
160
What is the remainder when 227 is divided by 112?
3
Calculate the remainder when 1162 is divided by 106.
102
What is the remainder when 2880 is divided by 405?
45
Calculate the remainder when 271 is divided by 55.
51
Calculate the remainder when 1453 is divided by 31.
27
Calculate the remainder when 2085 is divided by 18.
15
Calculate the remainder when 619 is divided by 160.
139
Calculate the remainder when 265 is divided by 143.
122
Calculate the remainder when 837 is divided by 7.
4
Calculate the remainder when 51 is divided by 14.
9
Calculate the remainder when 1559 is divided by 52.
51
Calculate the remainder when 1788 is divided by 26.
20
What is the remainder when 2539 is divided by 182?
173
Calculate the remainder when 18 is divided by 1.
0
Calculate the remainder when 511 is divided by 9.
7
Calculate the remainder when 223 is divided by 45.
43
What is the remainder when 985 is divided by 47?
45
What is the remainder when 1294 is divided by 24?
22
What is the remainder when 109 is divided by 32?
13
Calculate the remainder when 9970 is divided by 59.
58
Calculate the remainder when 1674 is divided by 42.
36
Calculate the remainder when 6657 is divided by 36.
33
Calculate the remainder when 6 is divided by 6.
0
Calculate the remainder when 21681 is divided by 156.
153
Calculate the remainder when 962 is divided by 69.
65
What is the remainder when 502 is divided by 24?
22
Calculate the remainder when 649 is divided by 93.
91
Calculate the remainder when 2